alse
Does 1604 divide 1232339166?
False
Is 1505883859 a multiple of 486?
False
Does 860 divide 2167355501?
False
Is 237 a factor of 11331941?
False
Is 721401975 a multiple of 45?
True
Does 50 divide 189213200?
True
Is 40648400 a multiple of 16?
True
Is 2342092819 a multiple of 9938?
False
Is 109656953 a multiple of 20?
False
Is 1328 a factor of 34565184?
True
Does 1733 divide 97262892?
True
Is 9 a factor of 914634549?
True
Is 288868888 a multiple of 11?
True
Does 1228 divide 47213790?
False
Is 212 a factor of 803583977?
False
Does 1470 divide 17416973?
False
Is 45 a factor of 50409167?
False
Does 8 divide 685667128?
True
Is 55 a factor of 147513860?
False
Does 811 divide 1632550299?
True
Does 288 divide 200840016?
False
Is 60 a factor of 138791986?
False
Does 33 divide 726380886?
True
Does 975 divide 97629675?
True
Does 35 divide 238606234?
False
Is 13 a factor of 211509415?
True
Does 1805 divide 48583380?
True
Is 42265510 a multiple of 135?
False
Does 243 divide 79465374?
True
Does 2337 divide 757607616?
False
Is 8 a factor of 51523965?
False
Does 3 divide 66061537?
False
Is 113886339 a multiple of 49?
True
Is 646411894 a multiple of 568?
False
Does 446 divide 1288652705?
False
Is 400 a factor of 3315874665?
False
Does 177 divide 2560245705?
True
Is 751 a factor of 8562151?
True
Does 1191 divide 365109387?
True
Does 15 divide 52503201?
False
Is 20 a factor of 145956347?
False
Is 20157575 a multiple of 9?
False
Is 1855313877 a multiple of 101?
False
Is 20674464 a multiple of 12?
True
Is 1275388219 a multiple of 2714?
False
Is 7 a factor of 1203399894?
False
Is 116 a factor of 724903207?
False
Is 13 a factor of 1273862928?
True
Is 49470058 a multiple of 22?
True
Does 23 divide 73274481?
True
Is 131935596 a multiple of 804?
True
Is 865 a factor of 759555635?
True
Does 16 divide 27774072?
False
Does 7 divide 1636040931?
True
Is 4264 a factor of 3514657432?
True
Does 16 divide 893364348?
False
Is 3040145489 a multiple of 263?
False
Is 776833 a multiple of 2?
False
Does 162 divide 402242640?
False
Is 322581978 a multiple of 6?
True
Is 104663006 a multiple of 49?
False
Is 1443690573 a multiple of 2485?
False
Is 428793783 a multiple of 1013?
True
Is 8768799 a multiple of 15?
False
Is 609 a factor of 162007398?
True
Does 15 divide 202362180?
True
Does 7233 divide 1838729907?
False
Is 507793464 a multiple of 2524?
True
Is 187 a factor of 1251547429?
True
Does 5 divide 556031555?
True
Is 1889925047 a multiple of 227?
True
Is 551 a factor of 88849301?
True
Is 6306 a factor of 605904183?
False
Is 182 a factor of 3402440020?
False
Is 149594533 a multiple of 11?
True
Is 1507835118 a multiple of 10204?
False
Is 477128456 a multiple of 3563?
True
Is 6 a factor of 85092222?
True
Does 10 divide 87707980?
True
Does 5420 divide 140329220?
True
Is 16 a factor of 2753344029?
False
Is 184 a factor of 34558512?
True
Is 46091254 a multiple of 32?
False
Is 108618312 a multiple of 242?
True
Is 256487346 a multiple of 19?
True
Is 463 a factor of 17905136?
True
Is 40 a factor of 14593560?
True
Is 68 a factor of 8622664?
False
Does 38 divide 235927978?
True
Is 50396077 a multiple of 511?
False
Does 25 divide 2156164571?
False
Does 22 divide 41436670?
True
Is 981 a factor of 57196302?
False
Does 20 divide 3190259439?
False
Is 34 a factor of 254432506?
True
Is 80037217 a multiple of 251?
False
Is 44 a factor of 14725641?
False
Is 397495376 a multiple of 2324?
False
Is 46595396 a multiple of 39?
False
Does 278 divide 2128368?
True
Does 8 divide 120920675?
False
Is 29 a factor of 3273860286?
True
Is 104 a factor of 363398464?
True
Is 169925058 a multiple of 138?
True
Is 26896566 a multiple of 118?
True
Is 148979648 a multiple of 368?
True
Is 1956 a factor of 29005524?
True
Is 15745364 a multiple of 6?
False
Is 892727895 a multiple of 267?
False
Is 56494344 a multiple of 84?
False
Is 1495 a factor of 204037916?
False
Does 1143 divide 119429680?
False
Is 1688326020 a multiple of 19?
False
Is 2433966581 a multiple of 31?
True
Is 46004 a multiple of 4?
True
Does 314 divide 467628126?
False
Does 60 divide 17913657?
False
Is 17395656 a multiple of 1222?
False
Is 356 a factor of 13887863?
False
Is 1905 a factor of 3526390867?
False
Does 2 divide 49807070?
True
Does 403 divide 48216129?
True
Is 964 a factor of 610958104?
False
Is 159433694 a multiple of 502?
True
Is 3748478869 a multiple of 31?
False
Does 284 divide 22123417?
False
Is 27662304 a multiple of 24?
True
Is 203467976 a multiple of 776?
True
Does 520 divide 3906931080?
True
Is 563975068 a multiple of 34?
True
Is 408272876 a multiple of 8?
False
Is 475 a factor of 627298775?
True
Is 44 a factor of 360972040?
True
Is 32 a factor of 67832527?
False
Is 457398712 a multiple of 4556?
False
Is 243 a factor of 230667137?
False
Does 1178 divide 439286802?
True
Is 5433 a factor of 378214284?
False
Is 3996 a factor of 1209210578?
False
Does 668 divide 4319688132?
True
Is 269 a factor of 2709138812?
True
Is 870892426 a multiple of 1619?
False
Is 203864034 a multiple of 418?
True
Is 2617 a factor of 213697359?
False
Is 456 a factor of 170348376?
True
Does 8 divide 13781320?
True
Does 945 divide 199528245?
True
Is 643634547 a multiple of 515?
False
Does 13 divide 20243444?
True
Does 360 divide 194502713?
False
Is 882892021 a multiple of 122?
False
Does 2 divide 1808671?
False
Is 162885516 a multiple of 269?
False
Is 1066 a factor of 559126450?
False
Is 3253 a factor of 764933191?
True
Does 53 divide 67131125?
True
Does 2436 divide 215957622?
False
Does 13429 divide 6045131495?
True
Does 236 divide 78999162?
False
Is 234444 a multiple of 4?
True
Does 18 divide 140699515?
False
Is 80390947 a multiple of 1152?
False
Is 1347 a factor of 2198304?
True
Is 145964080 a multiple of 2180?
True
Is 22505558 a multiple of 347?
False
Does 171 divide 980318889?
True
Does 16 divide 37682198?
False
Is 682 a factor of 4615896?
False
Is 347 a factor of 1980959846?
True
Does 5515 divide 3069608452?
False
Is 35 a factor of 42464905?
True
Is 42 a factor of 227450580?
True
Is 101 a factor of 37842822?
False
Is 34 a factor of 48159900?
False
Is 80 a factor of 163432783?
False
Is 49020564 a multiple of 220?
False
Is 82605175 a multiple of 25?
True
Is 1585071566 a multiple of 113?
True
Is 10 a factor of 49951381?
False
Is 173 a factor of 37022?
True
Is 64329430 a multiple of 11?
True
Does 100 divide 95046957?
False
Is 2843353 a multiple of 9?
False
Is 38330795 a multiple of 7?
False
Does 73 divide 3574590343?
True
Does 49 divide 95652214?
True
Is 3 a factor of 68338895?
False
Is 148 a factor of 838016536?
False
Is 1455 a factor of 240502770?
True
Does 17 divide 133762973?
False
Is 16 a factor of 12248736?
True
Does 15 divide 15614625?
True
Is 2447282 a multiple of 331?
False
Does 356 divide 2579220?
True
Is 179 a factor of 898316870?
True
Is 108166728 a multiple of 1284?
True
Is 104653261 a multiple of 81?
False
Is 21 a factor of 1201289208?
True
Is 11543985 a multiple of 1835?
True
Is 1244353956 a multiple of 111?
True
Is 2202 a factor of 604413243?
False
Does 33 divide 21732117?
True
Does 5 divide 130889585?
True
Does 31 divide 39633996?
True
Does 311 divide 10897129?
True
Does 148 divide 125924196?
False
Is 104 a factor of 458418792?
True
Is 322803007 a multiple of 63?
False
Is 26596680 a multiple of 24?
True
Is 5270 a factor of 101837480?
True
Is 20 a factor of 5303514?
False
Is 1243191262 a multiple of 1058?
True
Does 175 divide 146316500?
False
Is 42460930 a multiple of 29?
True
Is 4481428 a multiple of 406?
True
Is 1861 a factor of 61120109?
False
Does 714 divide 174309534?
True
Does 143 divide 685501531?
True
Is 4 a factor of 32778824?
True
Does 96 divide 450938208?
True
Is 832 a factor of 11621390?
False
Is 1950 a factor of 4088525682?
False
Is 14 a factor of 2214058?
True
Is 121276662 a multiple of 314?
False
Is 26125456 a multiple of 4?
True
Is 453888957 a multiple of 271?
True
Is 5315006 a multiple of 2?
True
Does 15 divide 555271413?
False
Is 11526632 a multiple of 548?
True
Does 1194 divide 536140626?
True
Is 1058 a factor of 50069850?
True
Does 1298 divide 19772434?
True
Does 2100 divide 3138904996?
False
Is 1049059414 a multiple of 3245?
False
Is 2100 a factor of 1269994868?
False
Is 5757762 a multiple of 86?
False
Is 22044770 even?
True
Is 1